+ 7. Calculate c(f).
-7
Let j(z) = -z**2 + z + 11. Let u be (1 - 1)/(8 + -9). Calculate j(u).
11
Let a(o) = o - 6. Let f(u) be the second derivative of u**4/12 - 2*u**3/3 + 3*u**2/2 + 6*u. Let n be f(3). Suppose 7*b - 4*b - 18 = n. Give a(b).
0
Let v = -356 + 357. Let d(b) = 10*b - 2. What is d(v)?
8
Let g(u) = 2*u**2 + 2*u - 4. Let k = -40 + 87. Let h = 34 - k. Let z = h - -10. Give g(z).
8
Let y(f) = -7*f**3 - 6*f - 1. Let o(r) = 8*r**3 + 7*r. Let i(s) = 6*o(s) + 7*y(s). Let b(t) = -t**2 - 17*t. Let x be b(-17). Give i(x).
-7
Let b(v) = -11*v**2 - 4*v + 5*v**2 - v**3 - 2*v - 4. Let m(p) be the second derivative of -p**4/12 + 2*p**3/3 - 5*p**2/2 - 4*p. Let a be m(4). Give b(a).
1
Let g = 81 + -121. Let l = -46 - g. Let t(h) = -h**3 - 7*h**2 - 5*h. What is t(l)?
-6
Let f(p) be the first derivative of -5*p**2/2 - 15*p + 310. Calculate f(-6).
15
Let a(r) = 5*r - r + 14 - 3*r. Give a(-8).
6
Let n(t) = -3*t**3 - 2*t - 1. Suppose 11 = -3*b + 2*i, 2*i - 1 = -2*b + 5. Let c be 0/9 + 0 + b. What is n(c)?
4
Let q(h) = -h + 3. Let a = 120 - 109. Suppose -t = 3*i - 4*i - 5, -a = 2*i - 3*t. What is q(i)?
7
Let i(b) = 3*b - 24. Let y be (12/(-14))/(9/(-84)). Let n be i(y). Let c(j) = j**2 + 5. What is c(n)?
5
Let a(p) = 13*p**3 - 11*p**2 - 13*p - 19. Let c(v) = 7*v**3 - 6*v**2 - 7*v - 10. Let r(b) = -6*a(b) + 11*c(b). Determine r(3).
-20
Suppose 0 = 4*i - 3*j + 1 + 39, 0 = i - 4*j + 23. Let r(y) = -y**2 - 8*y - 6. What is r(i)?
1
Let r(z) = z**3 + 4*z**2 + 5*z + 5. Let p be r(-3). Let g(t) = 5*t**2 + t + 1. Calculate g(p).
5
Let g(x) = -x**3 - 2*x**2 + 2*x + 3. Let o be 10 + 3 - 9 - (-1 + 7). Give g(o).
-1
Let a = -28 + 37. Let k be 1*3/a*9. Let w(j) = 3*j + j - k*j - 1 + 0*j. What is w(5)?
4
Suppose 4*a - 7*x + 2*x = 37, 0 = 4*a + 5*x + 13. Suppose a*r + r = 40. Let n(p) = p - 15. Give n(r).
-5
Suppose -2*i + 4 + 4 = 0. Let d(w) = w**2 - 7*w + 5. Let g be d(i). Let j(l) be the second derivative of l**4/12 + 7*l**3/6 + 5*l**2/2 + 7*l. Calculate j(g).
5
Let u(m) = 13249*m - 1 + 2*m**2 - 3*m**2 - 13257*m. Determine u(-7).
6
Let k(z) = -z**2 - 7*z - 5. Suppose 4*o - 15 = -5*h, 5*h - 3*h = o + 6. Suppose -29 = h*y - 11. Calculate k(y).
1
Let f(x) be the second derivative of -23*x + 0 + 0*x**3 + 11/12*x**4 + 1/20*x**5 + 3/2*x**2. What is f(-11)?
3
Let f(s) = -s**2 - 10*s + 14. Let g(v) = v**2 + 25*v + 87. Let u be g(-20). Calculate f(u).
-25
Let r be -4 - (-4 - (5 + 1 + -6)). Let b(p) = -p**2 + 2*p - 24. Calculate b(r).
-24
Suppose 3*z = o - 1, 1 = 4*z + z - o. Let s(d) = d. Let m(h) = -h**3 - 3*h**2 - 3*h - 3. Let b(l) = z*s(l) + m(l). Calculate b(-2).
-3
Let i(t) be the third derivative of -t**5/60 - 5*t**4/12 + 7*t**3/3 - t**2 - 59*t. Calculate i(-11).
3
Let q(r) = -r**2 - r + 1. Let c(f) = -3*f + 1. Let t(k) = c(k) - 2*q(k). Suppose 0 = -3*y + 6*y + 4*v - 2, 0 = -2*y - 5*v - 1. What is t(y)?
5
Suppose 4*i + 2*y - 6 = 2, -y = 0. Let x(g) = -7 - 2 + g**i - 5*g + 0*g + 1. Let d be 2/4*(-2 - 0)*-7. Determine x(d).
6
Let r(a) = 3*a + 34. Let v be r(-11). Let p(f) = 5*f**3 + 2*f + 50*f**2 - 99*f**2 - 1 + 49*f**2. Determine p(v).
6
Let j = 4 - -3. Let v(a) = 13 - 4 + 6*a**3 - 2*a**3 - 6*a**2 - 9*a - 2*a**3 - a**3. Let t be v(j). Let q(b) = -2*b - 3. Calculate q(t).
7
Let y be (-102)/(-30) - 4/10. Suppose -q + 3*g + 5 = g, -4*q + 10 = -y*g. Let d(x) = -7*x**2 + 2*x - 1. Calculate d(q).
-6
Let c(i) be the third derivative of -5*i**4/24 + 2*i**3/3 - 66*i**2. What is c(4)?
-16
Let w(q) = q**2 + 7*q + 6. Let s = -47 - -50. Suppose -3*o = 2*n + 14, -s*n = 3*o - 6*o - 39. Give w(o).
14
Suppose -30*r + 12 = -18*r. Let g(l) = 22*l - 2. Determine g(r).
20
Suppose 20*m = -2*m - 154. Let q(a) = a**2 + 6*a - 9. Give q(m).
-2
Let x be -2 - 2/(8/(-20)). Let f(z) = 3*z**2 - 3*z + 5*z + 7 + x*z**2 + 6*z**3 - 5*z**3. Calculate f(-6).
-5
Let x = -12 + 15. Suppose 2*l = 5*l + 2*y - 2, 0 = x*l - 2*y - 10. Let t(a) = -2*a**l + a - 4 - a**3 + 4 + 1. What is t(2)?
-13
Suppose 0 = -916*j + 907*j + 63. Let q(g) = -g**3 + 7*g**2 + 3*g. Determine q(j).
21
Let t(j) be the third derivative of -j**6/360 - j**5/30 + 5*j**4/24 - 7*j**3/6 + 5*j**2. Let d(x) be the first derivative of t(x). What is d(-5)?
0
Let o(d) be the second derivative of -d**4/12 + 7*d**3/3 + 9*d**2/2 + d + 94. What is o(15)?
-6
Let b(r) = -r**2 + 42*r - 117*r + 6 + 38*r + 45*r. Calculate b(9).
-3
Suppose 0 = -5*n + 4*n + 25. Let q(m) = -n - m + 25 - 5*m**2. Determine q(1).
-6
Suppose 6 = -p + 4. Let g(u) = 3*u**2 + 3*u - 2. Let w be g(p). Let c(y) = -2*y - 5 + 4*y - y. Give c(w).
-1
Suppose l + 2 = -0. Let f(q) be the second derivative of 2*q**3/3 + 3*q**2/2 - 50*q - 3. Calculate f(l).
-5
Suppose 2*a = -2*f + 10, -2*a = 2*f + 2*a - 12. Let h be (36/48)/(1/f). Suppose 0 = 2*p, -h*d + 5*d + 3*p = -2. Let v(m) = 7*m + 1. What is v(d)?
-6
Let w = 32 - 29. Suppose 0 = -5*t + w*t + 12. Let d(o) = o**3 - t*o + 5*o + 0 - 1. What is d(-1)?
-1
Suppose 164*d = 154*d + 80. Let c(x) = -x**3 + 8*x**2 - 3*x + 8. Calculate c(d).
-16
Let n(g) = -g**2 + 4*g + 4. Let k(a) = 2*a - 10 + a - 3*a - a. Let l be k(-14). Give n(l).
4
Let y(f) = -8*f**2 + 65*f - 4 - f**3 + 10 - 63*f. Determine y(-8).
-10
Let b(h) = -4*h + 1. Let v = 851 + -550. Let y be v/42 - (-1)/(-6). Let m be 0 + y - (-2 - -6). What is b(m)?
-11
Let r(f) be the first derivative of f**4/4 + 8*f**3/3 + 5*f**2/2 - 7*f - 2. Let d(x) = x**3 - 30*x**2 - 32*x + 24. Let u be d(31). Determine r(u).
7
Suppose 0 = -4*z - 3*n - n - 4, 3*n - 5 = -5*z. Suppose j + 4*j + z*r + 41 = 0, 4*j = -5*r - 40. Let c(y) = y**3 + 6*y**2 + 3*y - 5. Calculate c(j).
5
Let m(s) = s**2 - 10*s + 4. Let h = 4 - -237. Suppose -h = -6*d + 11. Suppose 0*u + 6*u = d. Calculate m(u).
-17
Let i(c) = -c**3 - 15*c + 2. Let f(b) = b**3 + 2*b**2 + 13*b - 3. Let r(h) = 4*f(h) + 3*i(h). Give r(-7).
-6
Let d be ((-66)/(-12))/((-1)/(-2)). Suppose d = 4*p + 3*x, 4*x + 39 = 4*p + 7. Let q(m) = -m**2 + 4*m + 7. Give q(p).
2
Let g(j) = 3*j + 6. Suppose -2*d - 27 + 11 = 0. Calculate g(d).
-18
Suppose -4*g + 16 = y - 3, -4*y + 2*g = 14. Let h be 1/((-6)/24 + y/(-2)). Let o(s) = -6 - s**2 - s**3 + 7*s - s**2 + 5*s**2. What is o(h)?
6
Let m(u) = -u**3 - 8*u**2 - 13*u - 5. Let n = 1590 + -1596. Calculate m(n).
1
Let t = 0 + -1. Let p(z) = 3*z - 9. Let n(r) = r. Let d be (130/(-234))/(1/(-9)). Let x(q) = d*n(q) + t*p(q). Give x(-6).
-3
Let i(u) = -u**2 + 16*u - 10. Let a be i(12). Suppose 0 = -39*o + a*o - 5. Let t(b) = 2*b + 1. Calculate t(o).
-9
Let v(h) = -2*h**3 + 3*h**2. Let c be v(2). Let a = 10 + c. Let x(r) = -1 - 3*r**2 + 2*r**2 + a*r - r**2 + 3*r**2. What is x(-6)?
-1
Suppose 5*y - 2*r = 3*r - 20, y + 4 = -5*r. Let v = y - 1. Let l(u) = 28*u**2 + 10 - 29 - u**3 - 2*u - 33*u**2 + 5 + 11. Give l(v).
7
Let v(o) = o**2 - 5*o + 2. Let u be v(4). Let t(r) be the first derivative of r**4/4 - r**2/2 - r - 1034. Calculate t(u).
-7
Let k(q) = q**2 - 5*q - 4. Let i(u) = 2*u**2 - 9*u - 8. Let r(p) = 2*i(p) - 5*k(p). Suppose 0 = 10*d + 166 - 246. What is r(d)?
-4
Let z(y) = 8*y - 5. Let a(g) = 2*g. Let p(s) = -5*a(s) + z(s). Calculate p(6).
-17
Suppose -4*r + 3*y + 12 = 0, 0 = -4*r - 3*y - 878 + 890. Let x(n) = n**2 - n - 1. Let w(i) = -i**2 + 4*i - 2. Let s(f) = -w(f) - 2*x(f). What is s(r)?
-11
Let o(h) be the third derivative of -h**6/120 + h**5/20 - h**4/6 + h**3 - 101*h**2. Calculate o(3).
-6
Let q(r) = -6*r - 63. Let z be q(-12). Let v(h) = 3*h - 9. Determine v(z).
18
Let p(s) = 3*s**3 - 23*s**2 + 5. Let i(t) be the third derivative of -t**6/120 + 2*t**5/15 - t**3/3 + 17*t**2. Let y(b) = -11*i(b) - 4*p(b). Give y(4).
2
Let x be (2/4)/(11/154). Let q(z) = -2*z**2 - 6 + x + 3*z**2 + 1. What is q(2)?
6
Let t = 1551 + -1540. Let l(q) = -q**3 + 11*q**2 + 2*q - 10. What is l(t)?
12
Let d(g) = -5*g**2 + 42*g + 121. Let p(x) = 2*x**2 - 21*x - 58. Let z(o) = -3*d(o) - 7*p(o). Calculate z(-19).
5
Let w(o) = -o**3 + 5*o**2 - 5*o + 1. Let y be 10/4*(-24)/(-20). Suppose -2*x = -y*x + 4. Suppose 0*n - x = -n. What is w(n)?
-3
Suppose -3*m + 3*w + w = -19, -4*m - w = 0. Let n(z) be the first derivative of -z**2 - 6*z - 12. Let h(y) = 1. Let b(d) = 5*h(d) + n(d). What is b(m)?
-3
Suppose -3 = 4*z - 15. Let j(t) = 2*t**2 - t**2 - t**z - 9 - t**3 + 3*t**3. Give j(0).
-9
Let d(j) = 4*j + 1. Let m(w) = w**2 + 7*w + 2. Let y(t) = -7*d(t) + 4*m(t). L